{"id":2531,"date":"2024-04-25T19:59:30","date_gmt":"2024-04-25T19:59:30","guid":{"rendered":"https:\/\/beeznis.rs\/?page_id=2531"},"modified":"2024-05-15T14:19:24","modified_gmt":"2024-05-15T14:19:24","slug":"cenovnik","status":"publish","type":"page","link":"https:\/\/beeznis.rs\/?page_id=2531","title":{"rendered":"Cenovnik"},"content":{"rendered":"\n<p class=\"has-text-align-center has-ast-global-color-6-color has-text-color has-link-color has-medium-font-size wp-elements-eb5511516cae8a8d39075ac8075c48e0\"><strong>Izrada WEB \u200bsajtova<\/strong><\/p>\n\n\n\n<p class=\"has-ast-global-color-2-color has-text-color has-link-color wp-elements-415537aad284699db9a306202873b15b\"><strong>OSNOVNI PAKET od 150 evra<\/strong><\/p>\n\n\n\n<p>Namenjen beeznisima kojima nije potreban veliki broj stranica, onima koji su na po\u010detku poslovanja i kojima online poslovanje nije trenutni prioritet.<\/p>\n\n\n\n<p>Paket uklju\u010duje:<\/p>\n\n\n\n<ul>\n<li>1 stranicu odn. landing page<\/li>\n\n\n\n<li>WP sajt uz samostalnu administraciju sajta po \u017eelji kupca<\/li>\n\n\n\n<li>Optimalno vreme za izradu sajta je 5-7 dana<\/li>\n\n\n\n<li>14 dana test period \u2013 vreme kada mo\u017eete da isprobate i pregledate sajt, a po potrebi i sugeri\u0161ete promenu<\/li>\n\n\n\n<li>Osnovni SEO \u2013 optimizacija za pretra\u017eiva\u010de<\/li>\n<\/ul>\n\n\n\n<p class=\"has-ast-global-color-2-color has-text-color has-link-color wp-elements-c8f8402d6d09bd6b5a387f1a4747296c\"><strong>SREDNJI PAKET od 300 EVRA<\/strong><\/p>\n\n\n\n<p>Za beeznise koji imaju potrebu za pregledom manjeg broja proizvoda ili neki vid interakcije sa kupcima.<\/p>\n\n\n\n<p>Paket uklju\u010duje:<\/p>\n\n\n\n<ul>\n<li>do 10 stranica<\/li>\n\n\n\n<li>WP sajt uz samostalnu administraciju sajta po \u017eelji kupca<\/li>\n\n\n\n<li>Optimalno vreme za izradu sajta je 10-14 dana<\/li>\n\n\n\n<li>14 dana test period \u2013 vreme kada mo\u017eete da isprobate i pregledate sajt, a po potrebi i sugeri\u0161ete promenu<\/li>\n\n\n\n<li>Osnovni SEO \u2013 optimizacija za pretra\u017eiva\u010de<\/li>\n<\/ul>\n\n\n\n<h5 class=\"wp-block-heading\">IZRADA WEB SHOPA \u2013 od 400 evra<\/h5>\n\n\n\n<p>Beeznisi koji se bave prodajom obavezno moraju digitalizovati svoju prodavnicu odn. napraviti svoj web shop kako bi ponuda bila dostupna svim potecincijalnim kupcima bez obzira na geografsku udaljenost.<\/p>\n\n\n\n<p>Paket uklju\u010duje:<\/p>\n\n\n\n<ul>\n<li>Cena ponude je za do 10 proizvoda (cena zavisi najvi\u0161e od broja proizvoda)<\/li>\n\n\n\n<li>WP web shop uz samostalnu administraciju sajta po \u017eelji kupca<\/li>\n\n\n\n<li>Vreme za izradu tako\u0111e zavisi od broja proizvoda<\/li>\n\n\n\n<li>14 dana test period \u2013 vreme kada mo\u017eete da isprobate i pregledate sajt, a po potrebi i sugeri\u0161ete promenu<\/li>\n\n\n\n<li>Osnovni SEO \u2013 optimizacija za pretra\u017eiva\u010de<\/li>\n<\/ul>\n\n\n\n<p class=\"has-ast-global-color-2-color has-text-color has-link-color wp-elements-d5642ad3df107d81a0cae034e88c1728\"><strong>ODR\u017dAVANJE WEB SAJTOVA<\/strong><\/p>\n\n\n\n<p>Odra\u017eavanje sajta 15\u20ac\/h za na\u0161e sajtove, 20\u20ac\/h za druge sajtove.<\/p>\n\n\n\n<p class=\"has-text-align-center has-ast-global-color-6-color has-text-color has-link-color has-medium-font-size wp-elements-41fc4971229fefe9fa6de85cf50b03c1\"><strong>Vo\u0111enje profila na dru\u0161tvenim mre\u017eama\u200b\u200b<\/strong><\/p>\n\n\n\n<p class=\"has-ast-global-color-6-color has-text-color has-link-color wp-elements-88375ddbcdddaffb517288e051558bdf\"><strong>Paket 1 \u2013 15000 rsd za mesec dana anga\u017emana<\/strong><\/p>\n\n\n\n<p>Za svaki beeznis u dana\u0161nje vreme je neophodno da budete vidljivi na dru\u0161tvenim mre\u017eama, bilo da nudite proizvod ili uslugu, kako bi kupci ili klijenti bili upoznati sa va\u0161im ponudama.<\/p>\n\n\n\n<p>Paket uklju\u010duje dve objave i dva prate\u0107a storija nedeljno:<\/p>\n\n\n\n<ul>\n<li>Kreiranje naloga na FB\/IG ili preuzimanje ukoliko su nalozi ve\u0107 formirani<\/li>\n\n\n\n<li>Povezivanje FB I IG naloga<\/li>\n\n\n\n<li>Izrada cover i profilne fotografije<\/li>\n\n\n\n<li>Izrada vizuala i pisanje prate\u0107eg teksta za objavu<\/li>\n\n\n\n<li>Pravljenje mese\u010dnog kalendara objava<\/li>\n<\/ul>\n\n\n\n<p class=\"has-ast-global-color-6-color has-text-color has-link-color wp-elements-95e337f3cb9685a9f7a78f44207330a7\"><strong>Paket 2 \u2013 20000 rsd za mesec dana anga\u017emana<\/strong><\/p>\n\n\n\n<p>Objave daju \u017eivot Va\u0161em profilu i omogu\u0107avaju pratiocima da budu u toku sa aktuelnom ponudom. Reels je jedan od najboljih sredstava za predstavljanje \u0161iroj publici i na taj na\u010din se pove\u0107ava broj pratilaca. Kompleksniji je od objave jer je na\u010de\u0161\u0107e u video formi.<\/p>\n\n\n\n<p>Paket uklju\u010duje jednu objavu, prate\u0107i story i jedan reels, prate\u0107i story nedeljno:<\/p>\n\n\n\n<ul>\n<li>Kreiranje naloga na FB\/IG ili preuzimanje ukoliko su nalozi ve\u0107 formirani<\/li>\n\n\n\n<li>Povezivanje FB i IG naloga<\/li>\n\n\n\n<li>Izrada cover i profilne fotografije<\/li>\n\n\n\n<li>Izrada vizuala i pisanje prate\u0107eg teksta za objavu ili reels, kao i grafi\u010dko sre\u0111ivanje video snimka pre objave<\/li>\n\n\n\n<li>Pravljenje mese\u010dnog kalendara objava<\/li>\n<\/ul>\n\n\n\n<p class=\"has-ast-global-color-6-color has-text-color has-link-color wp-elements-5e298972a8b00e4834f65d9e77926f2d\"><strong>Paket 3 \u2013 24000 rsd za mesec dana anga\u017emana<\/strong><\/p>\n\n\n\n<p>Organski\u00a0 saobra\u0107aj je dobar, ali je potrebno puno vremena da se sa njim postignu rezultati. Br\u017ee rezultate omogu\u0107avaju pla\u0107ene objave, tj. sponzorisane reklame i stalna de\u0161avanja na profilu.<\/p>\n\n\n\n<p>Paket uklju\u010duje 3 objave i 3 prate\u0107a storyja nedeljno, zatim pu\u0161tanje pla\u0107ene reklame:<\/p>\n\n\n\n<ul>\n<li>Kreiranje naloga na FB\/IG ili preuzimanje ukoliko su nalozi ve\u0107 formirani<\/li>\n\n\n\n<li>Povezivanje FB i IG naloga<\/li>\n\n\n\n<li>Izrada cover i profilne fotogrfije<\/li>\n\n\n\n<li>Izrada vizuala i pisanje prate\u0107eg teksta za objave<\/li>\n\n\n\n<li>Postavljenje FB pixela<\/li>\n\n\n\n<li>Izrada vizuala za reklamu i pisanje prodajnog teksta<\/li>\n\n\n\n<li>Pravljenje mese\u010dnog kalendara objava<\/li>\n<\/ul>\n\n\n\n<p class=\"has-ast-global-color-6-color has-text-color has-link-color wp-elements-b7ca25b17e1e26f771b03214f687ed27\"><strong>Izrada loga od 9400 rsd<\/strong><\/p>\n\n\n\n<p>Logo i vizualni identitet je izuzetno va\u017ean jer su ve\u0107ina ljudi, pa tako i na\u0161ih kupaca i korisnika vizualni tipovi i najlak\u0161i na\u010din da vas zapamte jeste po logou, bojama koja su zastupljene na va\u0161em sajtu i objavama generalno.<\/p>\n\n\n\n<p>Ponuda podrazumeva:<\/p>\n\n\n\n<ul>\n<li>Izrada tri varijante loga koje se mogu modifikovati po va\u0161oj \u017eeli i potrebama, do izbora jednog loga kao kona\u010dnu verziju<\/li>\n\n\n\n<li>Kona\u010dna varijanta loga u svim potrebnim formatima, kao i monohromatsku varijantu<\/li>\n\n\n\n<li>Izbor 5 boja brenda, koje mo\u017eete korisiti na sajtu i na svim drugim vizualima<\/li>\n\n\n\n<li>Izbor fonta koji se koristi tako\u0111e u svim objavama i poja\u010dava dojam vizuelnog identiteta<\/li>\n<\/ul>\n\n\n\n<p class=\"has-ast-global-color-6-color has-text-color has-link-color wp-elements-8a225ecff5e9fe435217273a2a174a5d\"><strong>Brendiranje i usluge \u0161tampe<\/strong><\/p>\n\n\n\n<p>Nudimo usluge brendiranja radne garderobe sa va\u0161im logom, ili druga varijanta po va\u0161oj \u017eelji. Cena je na upit jer zavisi od izgleda printa, veli\u010dine, boja koje se koriste i na kraju koli\u010dine koja se poru\u010di.<\/p>\n\n\n\n<p>\u0160tampa je mogu\u0107a na majicama, duksevima, jaknama, pantalonama, keceljama, \u0161lemovima i drugoj poslovnoj galanteriji. Mogu\u0107e je da \u0161tampamo na va\u0161oj robi, kao i poru\u010divanje celokupne ponude kod nas.<\/p>\n","protected":false},"excerpt":{"rendered":"<p>Izrada WEB \u200bsajtova OSNOVNI PAKET od 150 evra Namenjen beeznisima kojima nije potreban veliki broj stranica, onima koji su na po\u010detku poslovanja i kojima online poslovanje nije trenutni prioritet. Paket uklju\u010duje: SREDNJI PAKET od 300 EVRA Za beeznise koji imaju potrebu za pregledom manjeg broja proizvoda ili neki vid interakcije sa kupcima. Paket uklju\u010duje: IZRADA [\u2026]<\/p>\n","protected":false},"author":1,"featured_media":0,"parent":0,"menu_order":0,"comment_status":"closed","ping_status":"closed","template":"","meta":{"_uag_custom_page_level_css":"","site-sidebar-layout":"default","site-content-layout":"","ast-site-content-layout":"default","site-content-style":"default","site-sidebar-style":"default","ast-global-header-display":"","ast-banner-title-visibility":"","ast-main-header-display":"","ast-hfb-above-header-display":"","ast-hfb-below-header-display":"","ast-hfb-mobile-header-display":"","site-post-title":"","ast-breadcrumbs-content":"","ast-featured-img":"","footer-sml-layout":"","theme-transparent-header-meta":"","adv-header-id-meta":"","stick-header-meta":"","header-above-stick-meta":"","header-main-stick-meta":"","header-below-stick-meta":"","astra-migrate-meta-layouts":"set","ast-page-background-enabled":"default","ast-page-background-meta":{"desktop":{"background-color":"var(--ast-global-color-4)","background-image":"","background-repeat":"repeat","background-position":"center center","background-size":"auto","background-attachment":"scroll","background-type":"","background-media":"","overlay-type":"","overlay-color":"","overlay-opacity":"","overlay-gradient":""},"tablet":{"background-color":"","background-image":"","background-repeat":"repeat","background-position":"center center","background-size":"auto","background-attachment":"scroll","background-type":"","background-media":"","overlay-type":"","overlay-color":"","overlay-opacity":"","overlay-gradient":""},"mobile":{"background-color":"","background-image":"","background-repeat":"repeat","background-position":"center center","background-size":"auto","background-attachment":"scroll","background-type":"","background-media":"","overlay-type":"","overlay-color":"","overlay-opacity":"","overlay-gradient":""}},"ast-content-background-meta":{"desktop":{"background-color":"var(--ast-global-color-5)","background-image":"","background-repeat":"repeat","background-position":"center center","background-size":"auto","background-attachment":"scroll","background-type":"","background-media":"","overlay-type":"","overlay-color":"","overlay-opacity":"","overlay-gradient":""},"tablet":{"background-color":"var(--ast-global-color-5)","background-image":"","background-repeat":"repeat","background-position":"center center","background-size":"auto","background-attachment":"scroll","background-type":"","background-media":"","overlay-type":"","overlay-color":"","overlay-opacity":"","overlay-gradient":""},"mobile":{"background-color":"var(--ast-global-color-5)","background-image":"","background-repeat":"repeat","background-position":"center center","background-size":"auto","background-attachment":"scroll","background-type":"","background-media":"","overlay-type":"","overlay-color":"","overlay-opacity":"","overlay-gradient":""}},"footnotes":""},"yoast_head":"<!-- This site is optimized with the Yoast SEO plugin v22.8 - https:\/\/yoast.com\/wordpress\/plugins\/seo\/ -->\n<title>Izrada web sajtova i digitalni marketing BEEZNIS<\/title>\n<meta name=\"description\" content=\"Izrada web sajtova i digitalni marketing, uslu\u017eno vo\u0111enje profila na dru\u0161tvenim mre\u017eama, izrada loga i vizualnog identiteta, kreiranje marketing kampanja\" \/>\n<meta name=\"robots\" content=\"index, follow, max-snippet:-1, max-image-preview:large, max-video-preview:-1\" \/>\n<link rel=\"canonical\" href=\"https:\/\/beeznis.rs\/?page_id=2531\" \/>\n<meta property=\"og:locale\" content=\"sr_RS\" \/>\n<meta property=\"og:type\" content=\"article\" \/>\n<meta property=\"og:title\" content=\"Izrada web sajtova i digitalni marketing BEEZNIS\" \/>\n<meta property=\"og:description\" content=\"Izrada web sajtova i digitalni marketing, uslu\u017eno vo\u0111enje profila na dru\u0161tvenim mre\u017eama, izrada loga i vizualnog identiteta, kreiranje marketing kampanja\" \/>\n<meta property=\"og:url\" content=\"https:\/\/beeznis.rs\/?page_id=2531\" \/>\n<meta property=\"og:site_name\" content=\"Beeznis\" \/>\n<meta property=\"article:modified_time\" content=\"2024-05-15T14:19:24+00:00\" \/>\n<meta name=\"twitter:card\" content=\"summary_large_image\" \/>\n<meta name=\"twitter:label1\" content=\"Procenjeno vreme \u010ditanja\" \/>\n\t<meta name=\"twitter:data1\" content=\"4 minuta\" \/>\n<script type=\"application\/ld+json\" class=\"yoast-schema-graph\">{\"@context\":\"https:\/\/schema.org\",\"@graph\":[{\"@type\":\"WebPage\",\"@id\":\"https:\/\/beeznis.rs\/?page_id=2531\",\"url\":\"https:\/\/beeznis.rs\/?page_id=2531\",\"name\":\"Izrada web sajtova i digitalni marketing BEEZNIS\",\"isPartOf\":{\"@id\":\"https:\/\/beeznis.rs\/#website\"},\"datePublished\":\"2024-04-25T19:59:30+00:00\",\"dateModified\":\"2024-05-15T14:19:24+00:00\",\"description\":\"Izrada web sajtova i digitalni marketing, uslu\u017eno vo\u0111enje profila na dru\u0161tvenim mre\u017eama, izrada loga i vizualnog identiteta, kreiranje marketing kampanja\",\"breadcrumb\":{\"@id\":\"https:\/\/beeznis.rs\/?page_id=2531#breadcrumb\"},\"inLanguage\":\"sr-RS\",\"potentialAction\":[{\"@type\":\"ReadAction\",\"target\":[\"https:\/\/beeznis.rs\/?page_id=2531\"]}]},{\"@type\":\"BreadcrumbList\",\"@id\":\"https:\/\/beeznis.rs\/?page_id=2531#breadcrumb\",\"itemListElement\":[{\"@type\":\"ListItem\",\"position\":1,\"name\":\"Po\u010detna\",\"item\":\"https:\/\/beeznis.rs\/\"},{\"@type\":\"ListItem\",\"position\":2,\"name\":\"Cenovnik\"}]},{\"@type\":\"WebSite\",\"@id\":\"https:\/\/beeznis.rs\/#website\",\"url\":\"https:\/\/beeznis.rs\/\",\"name\":\"Beeznis digitalni marketing\",\"description\":\"Agencija za digitalni marketing\",\"publisher\":{\"@id\":\"https:\/\/beeznis.rs\/#organization\"},\"alternateName\":\"Izrada web sajtova i digitalni marketing\",\"potentialAction\":[{\"@type\":\"SearchAction\",\"target\":{\"@type\":\"EntryPoint\",\"urlTemplate\":\"https:\/\/beeznis.rs\/?s={search_term_string}\"},\"query-input\":\"required name=search_term_string\"}],\"inLanguage\":\"sr-RS\"},{\"@type\":\"Organization\",\"@id\":\"https:\/\/beeznis.rs\/#organization\",\"name\":\"Agencija za digitalni marketing BEEZNIS\",\"alternateName\":\"Izrada web sajtova i digitalni marketing\",\"url\":\"https:\/\/beeznis.rs\/\",\"logo\":{\"@type\":\"ImageObject\",\"inLanguage\":\"sr-RS\",\"@id\":\"https:\/\/beeznis.rs\/#\/schema\/logo\/image\/\",\"url\":\"https:\/\/beeznis.rs\/wp-content\/uploads\/2024\/01\/BEEZNIS.png\",\"contentUrl\":\"https:\/\/beeznis.rs\/wp-content\/uploads\/2024\/01\/BEEZNIS.png\",\"width\":500,\"height\":500,\"caption\":\"Agencija za digitalni marketing BEEZNIS\"},\"image\":{\"@id\":\"https:\/\/beeznis.rs\/#\/schema\/logo\/image\/\"}}]}<\/script>\n<!-- \/ Yoast SEO plugin. -->","yoast_head_json":{"title":"Izrada web sajtova i digitalni marketing BEEZNIS","description":"Izrada web sajtova i digitalni marketing, uslu\u017eno vo\u0111enje profila na dru\u0161tvenim mre\u017eama, izrada loga i vizualnog identiteta, kreiranje marketing kampanja","robots":{"index":"index","follow":"follow","max-snippet":"max-snippet:-1","max-image-preview":"max-image-preview:large","max-video-preview":"max-video-preview:-1"},"canonical":"https:\/\/beeznis.rs\/?page_id=2531","og_locale":"sr_RS","og_type":"article","og_title":"Izrada web sajtova i digitalni marketing BEEZNIS","og_description":"Izrada web sajtova i digitalni marketing, uslu\u017eno vo\u0111enje profila na dru\u0161tvenim mre\u017eama, izrada loga i vizualnog identiteta, kreiranje marketing kampanja","og_url":"https:\/\/beeznis.rs\/?page_id=2531","og_site_name":"Beeznis","article_modified_time":"2024-05-15T14:19:24+00:00","twitter_card":"summary_large_image","twitter_misc":{"Procenjeno vreme \u010ditanja":"4 minuta"},"schema":{"@context":"https:\/\/schema.org","@graph":[{"@type":"WebPage","@id":"https:\/\/beeznis.rs\/?page_id=2531","url":"https:\/\/beeznis.rs\/?page_id=2531","name":"Izrada web sajtova i digitalni marketing BEEZNIS","isPartOf":{"@id":"https:\/\/beeznis.rs\/#website"},"datePublished":"2024-04-25T19:59:30+00:00","dateModified":"2024-05-15T14:19:24+00:00","description":"Izrada web sajtova i digitalni marketing, uslu\u017eno vo\u0111enje profila na dru\u0161tvenim mre\u017eama, izrada loga i vizualnog identiteta, kreiranje marketing kampanja","breadcrumb":{"@id":"https:\/\/beeznis.rs\/?page_id=2531#breadcrumb"},"inLanguage":"sr-RS","potentialAction":[{"@type":"ReadAction","target":["https:\/\/beeznis.rs\/?page_id=2531"]}]},{"@type":"BreadcrumbList","@id":"https:\/\/beeznis.rs\/?page_id=2531#breadcrumb","itemListElement":[{"@type":"ListItem","position":1,"name":"Po\u010detna","item":"https:\/\/beeznis.rs\/"},{"@type":"ListItem","position":2,"name":"Cenovnik"}]},{"@type":"WebSite","@id":"https:\/\/beeznis.rs\/#website","url":"https:\/\/beeznis.rs\/","name":"Beeznis digitalni marketing","description":"Agencija za digitalni marketing","publisher":{"@id":"https:\/\/beeznis.rs\/#organization"},"alternateName":"Izrada web sajtova i digitalni marketing","potentialAction":[{"@type":"SearchAction","target":{"@type":"EntryPoint","urlTemplate":"https:\/\/beeznis.rs\/?s={search_term_string}"},"query-input":"required name=search_term_string"}],"inLanguage":"sr-RS"},{"@type":"Organization","@id":"https:\/\/beeznis.rs\/#organization","name":"Agencija za digitalni marketing BEEZNIS","alternateName":"Izrada web sajtova i digitalni marketing","url":"https:\/\/beeznis.rs\/","logo":{"@type":"ImageObject","inLanguage":"sr-RS","@id":"https:\/\/beeznis.rs\/#\/schema\/logo\/image\/","url":"https:\/\/beeznis.rs\/wp-content\/uploads\/2024\/01\/BEEZNIS.png","contentUrl":"https:\/\/beeznis.rs\/wp-content\/uploads\/2024\/01\/BEEZNIS.png","width":500,"height":500,"caption":"Agencija za digitalni marketing BEEZNIS"},"image":{"@id":"https:\/\/beeznis.rs\/#\/schema\/logo\/image\/"}}]}},"uagb_featured_image_src":{"full":false,"thumbnail":false,"medium":false,"medium_large":false,"large":false,"1536x1536":false,"2048x2048":false},"uagb_author_info":{"display_name":"admin","author_link":"https:\/\/beeznis.rs\/?author=1"},"uagb_comment_info":0,"uagb_excerpt":"Izrada WEB \u200bsajtova OSNOVNI PAKET od 150 evra Namenjen beeznisima kojima nije potreban veliki broj stranica, onima koji su na po\u010detku poslovanja i kojima online poslovanje nije trenutni prioritet. Paket uklju\u010duje: SREDNJI PAKET od 300 EVRA Za beeznise koji imaju potrebu za pregledom manjeg broja proizvoda ili neki vid interakcije sa kupcima. Paket uklju\u010duje: IZRADA\u2026","_links":{"self":[{"href":"https:\/\/beeznis.rs\/index.php?rest_route=\/wp\/v2\/pages\/2531"}],"collection":[{"href":"https:\/\/beeznis.rs\/index.php?rest_route=\/wp\/v2\/pages"}],"about":[{"href":"https:\/\/beeznis.rs\/index.php?rest_route=\/wp\/v2\/types\/page"}],"author":[{"embeddable":true,"href":"https:\/\/beeznis.rs\/index.php?rest_route=\/wp\/v2\/users\/1"}],"replies":[{"embeddable":true,"href":"https:\/\/beeznis.rs\/index.php?rest_route=%2Fwp%2Fv2%2Fcomments&post=2531"}],"version-history":[{"count":3,"href":"https:\/\/beeznis.rs\/index.php?rest_route=\/wp\/v2\/pages\/2531\/revisions"}],"predecessor-version":[{"id":2553,"href":"https:\/\/beeznis.rs\/index.php?rest_route=\/wp\/v2\/pages\/2531\/revisions\/2553"}],"wp:attachment":[{"href":"https:\/\/beeznis.rs\/index.php?rest_route=%2Fwp%2Fv2%2Fmedia&parent=2531"}],"curies":[{"name":"wp","href":"https:\/\/api.w.org\/{rel}","templated":true}]}}